it of 1390?
1
What is the thousands digit of 17347?
7
What is the thousands digit of 1463?
1
What is the hundreds digit of 1085?
0
What is the tens digit of 3374?
7
What is the hundreds digit of 271?
2
What is the hundreds digit of 31953?
9
What is the ten thousands digit of 116102?
1
What is the hundreds digit of 35354?
3
What is the hundreds digit of 639?
6
What is the tens digit of 105712?
1
What is the tens digit of 617?
1
What is the thousands digit of 1343?
1
What is the ten thousands digit of 26477?
2
What is the ten thousands digit of 11778?
1
What is the thousands digit of 1184?
1
What is the hundreds digit of 1246?
2
What is the tens digit of 2280?
8
What is the hundreds digit of 20222?
2
What is the thousands digit of 5884?
5
What is the units digit of 5206?
6
What is the ten thousands digit of 12850?
1
What is the units digit of 2740?
0
What is the ten thousands digit of 13902?
1
What is the units digit of 35633?
3
What is the units digit of 1593?
3
What is the thousands digit of 21502?
1
What is the ten thousands digit of 10534?
1
What is the units digit of 91056?
6
What is the units digit of 2424?
4
What is the units digit of 11357?
7
What is the hundreds digit of 12835?
8
What is the ten thousands digit of 172165?
7
What is the tens digit of 1049?
4
What is the units digit of 6994?
4
What is the units digit of 82117?
7
What is the thousands digit of 4059?
4
What is the hundreds digit of 109634?
6
What is the tens digit of 48477?
7
What is the ten thousands digit of 14976?
1
What is the units digit of 9013?
3
What is the tens digit of 62?
6
What is the units digit of 54853?
3
What is the units digit of 5081?
1
What is the ten thousands digit of 20247?
2
What is the hundreds digit of 9256?
2
What is the hundreds digit of 10143?
1
What is the tens digit of 78703?
0
What is the units digit of 2176?
6
What is the tens digit of 955?
5
What is the thousands digit of 6433?
6
What is the tens digit of 3581?
8
What is the tens digit of 337?
3
What is the hundreds digit of 621?
6
What is the hundreds digit of 1034?
0
What is the tens digit of 487?
8
What is the hundreds digit of 2271?
2
What is the thousands digit of 2354?
2
What is the thousands digit of 64924?
4
What is the tens digit of 38066?
6
What is the tens digit of 114428?
2
What is the tens digit of 385?
8
What is the thousands digit of 2899?
2
What is the units digit of 2405?
5
What is the units digit of 371?
1
What is the units digit of 249?
9
What is the thousands digit of 86112?
6
What is the tens digit of 3510?
1
What is the units digit of 431?
1
What is the hundreds digit of 144514?
5
What is the hundreds digit of 3746?
7
What is the thousands digit of 7483?
7
What is the tens digit of 1872?
7
What is the thousands digit of 12520?
2
What is the hundreds digit of 462?
4
What is the tens digit of 59088?
8
What is the tens digit of 71044?
4
What is the tens digit of 14259?
5
What is the units digit of 447?
7
What is the ten thousands digit of 18918?
1
What is the hundreds digit of 998?
9
What is the tens digit of 539?
3
What is the ten thousands digit of 173225?
7
What is the units digit of 7726?
6
What is the hundreds digit of 111?
1
What is the units digit of 3364?
4
What is the thousands digit of 4643?
4
What is the hundreds digit of 8743?
7
What is the thousands digit of 6590?
6
What is the tens digit of 1370?
7
What is the hundreds digit of 21657?
6
What is the hundreds digit of 21119?
1
What is the hundreds digit of 992?
9
What is the tens digit of 188?
8
What is the units digit of 1408?
8
What is the thousands digit of 1293?
1
What is the tens digit of 1291?
9
What is the ten thousands digit of 14643?
1
What is the tens digit of 310?
1
What is the hundreds digit of 4753?
7
What is the tens digit of 61?
6
What is the ten thousands digit of 25047?
2
What is the units digit of 1323?
3
What is the tens digit of 6715?
1
What is the units digit of 6587?
7
What is the hundreds digit of 696?
6
What is the tens digit of 31952?
5
What is the hundreds digit of 59384?
3
What is the hundreds digit of 6414?
4
What is the tens digit of 2386?
8
What is the units digit of 512?
2
What is the tens digit of 63?
6
What is the hundreds digit of 16619?
6
What is the hundreds digit of 237?
2
What is the thousands digit of 2384?
2
What is the hundreds digit of 842?
8
What is the tens digit of 3015?
1
What is the units digit of 50314?
4
What is the thousands digit of 3385?
3
What is the units digit of 340?
0
What is the units digit of 14698?
8
What is the hundreds digit of 20380?
3
What is the units digit of 1696?
6
What is the hundreds digit of 237?
2
What is the thousands digit of 4144?
4
What is the units digit of 9670?
0
What is the ten thousands digit of 17413?
1
What is the tens digit of 680?
8
What is the units digit of 31891?
1
What is the thousands digit of 79124?
9
What is the units digit of 1504?
4
What is the thousands digit of 9750?
9
What is the units digit of 1742?
2
What is the units digit of 714?
4
What is the tens digit of 125051?
5
What is the units digit of 74963?
3
What is the hundreds digit of 14405?
4
What is the units digit of 23172?
2
What is the units digit of 155400?
0
What is the hundreds digit of 2988?
9
What is the units digit of 13174?
4
What is the units digit of 3136?
6
What is the hundreds digit of 1458?
4
What is the hundreds digit of 5806?
8
What is the tens digit of 2166?
6
What is the ten thousands digit of 42723?
4
What is the tens digit of 757?
5
What is the tens digit of 1130?
3
What is the units digit of 50137?
7
What is the hundreds digit of 24823?
8
What is the hundreds digit of 10860?
8
What is the units digit of 642?
2
What is the units digit of 178925?
5
What is the tens digit of 3309?
0
What is the units digit of 15500?
0
What is the thousands digit of 71780?
1
What is the thousands digit of 56396?
6
What is the units digit of 1923?
3
What is the units digit of 108867?
7
What is the thousands digit of 33040?
3
What is the tens digit of 3946?
4
What is the tens digit of 8934?
3
What is the hundreds digit of 9613?
6
What is the tens digit of 2821?
2
What is the tens digit of 8103?
0
What is the units digit of 3749?
9
What is the units digit of 3399?
9
What is the tens digit of 6023?
2
What is the units digit of 18575?
5
What is the hundreds digit of 116406?
4
What is the tens digit of 1220?
2
What is the hundreds digit of 15387?
3
What is the units digit of 606?
6
What is the ten thousands digit of 49258?
4
What is the tens digit of 15702?
0
What is the ten thousands digit of 43225?
4
What is the hundreds digit of 12826?
8
What is the units digit of 408?
8
What is the units digit of 1079?
9
What is the thousands digit of 44872?
4
What is the units digit of 14259?
9
What is the tens digit of 2982?
8
What is the ten thousands digit of 15754?
1
What is the thousands digit of 2149?
2
What is the tens digit of 2672?
7
What is the hundreds digit of 5322?
3
What is the units digit of 7091?
1
What is the units digit of 30916?
6
What is the ten thousands digit of 18376?
1
What is the hundreds digit of 19889?
8
What is the tens digit of 14168?
6
What is the ten thousands digit of 37009?
3
What is the hundreds digit of 9941?
9
What is the thousands digit of 5224?
5
What is the tens digit of 6262?
6
What is the thousands digit of 1820?
1
What is the tens digit of 12591?
9
What is the ten thousands digit of 14239?
1
What is the thousands digit of 2576?
2
What is the thousands digit of 14579?
4
What is the thousands digit of 26920?
6
What is the thousands digit of 4247?
4
What is the tens digit of 272?
7
What is the tens digit of 33433?
3
What is the units digit of 13067?
7
What is the units digit of 65532?
2
What is the thousands digit of 2505?
2
What is the units digit of 2573?
3
What is the ten thousands digit of 17369?
1
What is the hundreds digit of 16540?
5
What is the hundreds digit of 3126?
1
What is the tens digit of 5549?
4
What is the tens digit of 2397?
9
What is the hundreds digit of 643?
6
What is the hundreds digit of 1735?
7
What is the hundreds digit of 3178?
1
What is the hundreds digit of 1034?
0
What is the tens digit of 281?
8
What is the units digit of 30812?
2
What is the units digit of 66912?
2
What is the thousands digit of 42035?
2
W